 = -119 - -125. What is the greatest common factor of 12 and u?
6
Let z(o) = 5*o**2 - 2. Let f be z(2). What is the greatest common divisor of f and 84?
6
Let p(d) = 2*d - 4. Let z be p(5). Let q be 65 + 16/z + 8/24. Let r be (-66)/(-4) + 1/2. Calculate the greatest common factor of r and q.
17
Suppose 5*t = -7 - 18, -d = 4*t - 4. Calculate the greatest common divisor of d and 40.
8
Let i = 4 + -8. Let c(v) = v**2 + 4. Let x be c(i). Calculate the greatest common divisor of 5 and x.
5
Let q = 1346 + -1302. Calculate the greatest common factor of q and 8.
4
Let a be (530 - 2)/3 + 4. Let r be (a/3)/(4/6). What is the highest common factor of r and 30?
30
Let s(b) = -b**3 - 9*b**2 + 12*b - 12. Let y be s(-10). Let x = -30 - y. What is the greatest common factor of 10 and x?
2
Let z = -1365 + 1510. What is the greatest common factor of z and 87?
29
Suppose 5*s - 120 = -0. Let l(q) = -9*q**3 + 2*q**2 + 13*q + 10. Let n be l(-1). Calculate the highest common factor of n and s.
8
Let t be -2*92/3*21/(-14). What is the highest common divisor of 368 and t?
92
Suppose 6*d - 8*d + 3*z + 185 = 0, 4*d - 355 = z. Calculate the highest common divisor of d and 11.
11
Suppose u + 6 - 138 = -j, -2*j + 260 = 3*u. Calculate the highest common factor of j and 153.
17
Let l be ((-12)/2)/(1 + 7903/(-7889)). Calculate the greatest common divisor of l and 49.
49
Let o be (21/(-9) + 3)/(1/63). What is the highest common factor of 189 and o?
21
Suppose -3*a = -3*o + 5*o - 1, -o - 4 = 0. Calculate the highest common divisor of 13 and a.
1
Let v(i) = 14*i + 193. Let m be v(-6). Calculate the highest common divisor of 109 and m.
109
Suppose -5*a - 165 = 9*t - 14*t, -5*a = 2*t - 45. Calculate the greatest common divisor of t and 3.
3
Let k(z) = 4*z + 11. Let j be k(2). Let r = j + 5. What is the greatest common factor of 264 and r?
24
Let a = -1215 - -1233. Suppose 2*f - 4*f = -180. What is the greatest common factor of f and a?
18
Suppose 184 = 6*j + 28. Suppose 0 = 3*q + r + 4*r - 22, 4*q = -5*r + j. What is the highest common factor of 44 and q?
4
Let g be (72/(-16))/(1/(-10)). Suppose -g = 10*i - 7*i. Let m = 3 - i. What is the greatest common factor of 9 and m?
9
Let o be 185 + 6 + (2 - 5). Suppose g + n = 37, -5*g - n - 3*n = -o. What is the highest common factor of 20 and g?
20
Let g(k) = 2*k**2 + 46*k - 2. Let f be g(-23). Let q be (12 - 10)/(f/(-140)*2). What is the highest common divisor of 10 and q?
10
Let p(b) = -b - 5. Suppose -g - 3 = -8. Let c(h) = h + 3. Let n(u) = g*c(u) + 3*p(u). Let s be n(6). Calculate the greatest common divisor of s and 108.
12
Suppose 0 = -39*m + 1098 + 1398. Calculate the greatest common divisor of 1376 and m.
32
Suppose 8 = 5*o - o. Let i be ((-3)/(-2))/(1/o). Suppose -66 = i*h - 6*h. Calculate the highest common divisor of h and 33.
11
Suppose 5*g = 3*d + 13, 3*d = g - d + 11. Suppose 19 = -p - 5*s, 3*p + 0*p - 23 = g*s. What is the highest common divisor of 1 and p?
1
Let n be 9/4*8404/573. Calculate the highest common factor of n and 759.
33
Suppose o = 4*f + 95, 3*f + 0*f = 12. Calculate the highest common factor of o and 3.
3
Let y(x) = -26*x + 2. Let p be y(2). Let o = 129 + p. Suppose g = -i + o, 2*g = -i + 4*g + 76. What is the highest common factor of 13 and i?
13
Let s(m) = -m + 5. Let b be s(-7). Suppose -9*q = -5*q - b. Suppose -9*c + q*c + 96 = 0. Calculate the highest common divisor of 32 and c.
16
Let q = 235 - 51. Calculate the greatest common factor of 8 and q.
8
Let j(s) = -7*s + 8. Let k be j(-20). Suppose 5*z = 2*a - 490, -a + 195 = -z - z. Let y = k + z. Calculate the greatest common divisor of 120 and y.
24
Suppose 2100 = 937*t - 932*t. What is the greatest common divisor of 35 and t?
35
Let a be (-5031)/1161*(-3 - (1 + -1)). Calculate the greatest common factor of a and 1027.
13
Suppose 3*x = -p - 396, 253 = -3*p - 3*x - 935. Let w be p/(-5) - (-4)/5. What is the greatest common divisor of w and 10?
10
Suppose 0 = -u + 3*t + 111 - 779, 0 = 5*t + 5. Let n = -176 - u. Suppose 38*c - n = 35*c. Calculate the greatest common factor of 15 and c.
15
Let z be 9/(((-4)/(-14))/2). Suppose 3 = -h, 4*m - 2*m + 4*h + 32 = 0. Let u = 17 + m. What is the greatest common divisor of u and z?
7
Let u be (-30)/(-9)*27/5. What is the greatest common divisor of u and 396?
18
Let j be 12/30 + (-116)/(-10). Let d = -1067 + 1075. Calculate the highest common factor of j and d.
4
Let h be (18/27)/(2/3). Suppose 4*x - 5*z = 49 + h, -2*z = 4. Suppose -4*u - 2*d + x + 60 = 0, u + 5 = -5*d. What is the highest common factor of u and 10?
10
Suppose -3*b + 532 = 4*x, -5*x = -3*b - b + 730. Calculate the highest common divisor of 108 and b.
36
Let f(r) = 7*r + 92. Let j be f(28). Calculate the greatest common factor of j and 18.
18
Let y(r) be the first derivative of 98*r**3/3 + r - 13. Let z be y(1). Let j = 12 + -3. What is the highest common factor of j and z?
9
Let z(r) = -r - 3. Let d be -3 + -2 + 3 + -3. Let t be z(d). What is the greatest common divisor of 5 and t?
1
Suppose -8*o + 540 = o. Suppose -n + 3*n - o = 0. Calculate the highest common divisor of 10 and n.
10
Let a be (-128 - -7) + 2/2. Let r = a + 124. Calculate the greatest common factor of 10 and r.
2
Suppose -2*r = -2*s - 2, -3*s = -8*r + 11*r - 9. What is the greatest common divisor of r and 9?
1
Let d = 473 + -168. Calculate the highest common factor of d and 122.
61
Let s be -42*9/108*-4. Calculate the highest common divisor of 56 and s.
14
Suppose 31*t - 44 = 30*t. Let j = t + -33. What is the greatest common factor of j and 33?
11
Let v be (-96)/(-7 + (-302)/(-44)). What is the greatest common factor of v and 44?
44
Let g = -360 + 182. Let s = -126 - g. Calculate the highest common divisor of 130 and s.
26
Let s be 14*1/2 + -3. Suppose -7*j + 21 = -s*j. Suppose -i = -2*o + 2, 2*o = -2*i + 19 + j. What is the greatest common factor of 20 and i?
4
Let m = -47 - -137. Calculate the greatest common factor of m and 60.
30
Let m(p) = 55*p**3 - 3*p**2 - 3*p + 6. Let j be m(1). What is the greatest common factor of j and 33?
11
Let g = 447 + -402. Calculate the highest common divisor of 630 and g.
45
Suppose 38*d = 40*d + 76. Let n be (-615)/(-21) + d/(-14) + -3. What is the highest common divisor of 261 and n?
29
Let k be (2 - 3)*(-2 - -3). Let c be -3 - (k + -5*49). What is the greatest common factor of 27 and c?
27
Let q(w) be the third derivative of w**4/8 + 4*w**3/3 + 6*w**2. Let y be q(6). Suppose 34 - 164 = -2*s. Calculate the highest common divisor of y and s.
13
Let a(o) = -11*o + 5 - 1 + 4*o. Let n be a(2). Let x = 16 + n. Calculate the highest common divisor of x and 12.
6
Suppose -2*o + 48 = -5*z + 2, 5*o - 96 = 3*z. Let d = -975 + 984. Calculate the highest common divisor of o and d.
9
Let o = 3 + -3. Suppose 0 = -5*w - f + 13, -7 = -2*w + 2*f + 3. Suppose 2*x - 168 = p + p, x - w*p - 76 = o. Calculate the greatest common divisor of 8 and x.
8
Let a = -668 - -812. Calculate the highest common factor of 624 and a.
48
Let v be 27/18*(-178)/3 + 0. Let i = 99 + v. What is the highest common divisor of 10 and i?
10
Let p = 60 + -52. Suppose 3*s - p*s + 380 = 5*c, -157 = -2*c + 3*s. Calculate the greatest common divisor of 11 and c.
11
Let u = -127 + -47. Let j = u - -92. Let z = j - -142. Calculate the greatest common divisor of z and 24.
12
Suppose v - 9*v = 712. Let r = v + 98. Calculate the greatest common factor of 45 and r.
9
Let a(c) = 2*c - 6. Let t be a(5). Suppose -o + 3*f = -33 + 1, t*o - 4*f = 96. Suppose -4*s + o + 52 = 0. What is the greatest common divisor of s and 72?
18
Suppose x - 46 = 3*h, 3*x + 3*h = -2*x + 230. Let z = 156 - x. Suppose -o + z = o. Calculate the highest common factor of 5 and o.
5
Suppose 0 = 3*f - 5*f + 24. Suppose -3 = -v - 0*v. Let s(h) = 2*h - 2. Let w be s(v). What is the greatest common factor of w and f?
4
Suppose -3*b = -23 - 25. Let a be b*(-2 - 11/(-2)). Suppose -d + 81 = 3*p, -d - 7 = 4*p - 116. What is the greatest common divisor of p and a?
28
Let o = 15 - -111. What is the highest common divisor of 54 and o?
18
Suppose 3*f = -4*n + 31, n + f = 4*f - 11. Let p = 1 - -2. Let m = n + p. Calculate the highest common divisor of m and 77.
7
Let s be (9/6)/(2/4). Suppose s*f - 5*f = -36. What is the greatest common divi